 + 0 - 1/3*j**4 + 4/3*j**3. Calculate f(6).
-4
Let y(u) = -4*u**2 + 4*u - 3. Suppose -185*n - 1374 = -179*n. Let r = 232 + n. Calculate y(r).
-27
Let o(r) = 4*r**2 - 10*r - 8. Suppose 2*v - 3*y = 20 - 3, -5*v + 29 = -3*y. Calculate o(v).
16
Let f(i) be the second derivative of -11*i**3/6 - 4*i**2 - 45*i + 19. Calculate f(-4).
36
Suppose 0*w = -4*w - 4. Let o(u) be the first derivative of 7*u**2 + u - 109427. Give o(w).
-13
Let a = -435 + 440. Let j(x) = -x**3 + 6*x**2 - 5*x + 15. Calculate j(a).
15
Suppose b + h + 3 = 0, -3*b - 453 + 468 = -h. Let f(k) = 21*k - 61. What is f(b)?
2
Let l(s) = s + 7. Let q(t) = t + 7. Let j(h) = -3*l(h) + 2*q(h). Let y be 1 + 4*1/(-2). Let d(g) = g - 6. Let x be d(y). Calculate j(x).
0
Let m(s) = s**3 + 15*s**2 + 30*s + 58. Let z be m(-13). Let f be ((-4)/z)/((-10)/(-45)). Let i(t) = -t - 1. Give i(f).
2
Let l(n) = 35*n + 3. Let j(d) = -39*d - 1. Let a(g) = 9*j(g) + 10*l(g). Determine a(12).
9
Let z = -400 + 662. Let o(t) = -z*t + 260*t + 1 - 2 - 15*t**2. Calculate o(-1).
-14
Let b = 15 + -3. Let g(k) be the second derivative of k**5/20 - k**4 + 4*k**2 - 1224*k + 9. Give g(b).
8
Let k(g) be the first derivative of g**3/3 + 4*g**2 + 6*g + 8. Let w be (-1050)/(-225)*(-6)/4. Determine k(w).
-1
Suppose -5*r - 76 - 879 = 0. Let n = 192 + r. Let o(t) = t - 2. What is o(n)?
-1
Let z(j) be the first derivative of -j**5/60 - 5*j**4/24 - 5*j**3/6 + 21*j**2/2 + 2*j + 21. Let f(s) be the second derivative of z(s). Give f(-6).
-11
Let k(a) be the third derivative of -1/6*a**3 + 0 + 2*a**2 + 1/20*a**5 - 1/120*a**6 - 1/8*a**4 + 59*a. What is k(4)?
-29
Let z(o) = 45*o - 1. Let n(h) = -22*h. Let w(c) = 5*n(c) + 2*z(c). Let k(l) = 21*l + 2. Let x(t) = 5*k(t) + 4*w(t). Give x(-2).
-48
Let o = -367 + 465. Let d be -20*((-12)/(-70) + (-56)/o). Let n(s) = -3*s + 19. Determine n(d).
-5
Let b(y) = 9*y + 6. Let q(x) = -x - 1. Let f(o) = -b(o) - 6*q(o). Let d(w) = 341*w + 3754. Let k be d(-11). What is f(k)?
-9
Let p(f) be the first derivative of 13*f**4/4 + f**3/3 - f - 2022. Determine p(1).
13
Let r be (2/(-8))/((-314)/23864). Let s(o) = 7*o - 4. What is s(r)?
129
Let t = -2642 - -2645. Let x(s) be the third derivative of -s**5/60 + s**4/6 - s**3/3 - s**2. Give x(t).
1
Let d(u) = u**3 - 4*u**2 + 155*u**3 + 8*u + 5 - 157*u**3. Give d(-6).
29
Let o(l) = -l - 9. Let s be o(-5). Let j = -167 - -197. Let y(p) = 353*p - 355*p + 30 - j. Give y(s).
8
Let v(b) = -3*b - 23*b + 36 - 23 + 17*b - 26. Determine v(-1).
-4
Let r(j) be the second derivative of 1/120*j**6 + 8*j - 2/15*j**5 + 11*j**2 + 0 + 1/3*j**4 + 0*j**3. Let p(w) be the first derivative of r(w). Calculate p(7).
7
Let w be 3 + -6 + -2 + -97. Let z be ((-4)/6)/(17/w). Let k(n) = n**3 - 4*n**2 + 2*n - 4. Determine k(z).
4
Let l(p) = -28*p + 11. Suppose 59*d + 56 = 146*d - 118. Calculate l(d).
-45
Suppose -2*q - 199*j + 205*j = -10, -j + 24 = 2*q. Let w(r) = -r**2 + 4*r + 63. Determine w(q).
-14
Suppose -2 = 3*q - 20. Suppose -2*v - 9 + 6 = -f, -3*f + 21 = -3*v. Let j(m) = 7*m - q*m - 3*m + 3*m + f. Determine j(-6).
5
Let q(l) = -l**3 - 7*l**2 - 10 - 3*l**2 - 27*l + 22*l**2 + 4*l**2 - 2*l**2. What is q(11)?
56
Suppose 3*g + 280 = -2*y - g, 2*g + 10 = 0. Let j be 13/(y/12)*(5 - 0). Let o(u) = -2*u**2 + u**2 - 5*u + 1 + 3. Calculate o(j).
-2
Let p(u) = 394 + 3*u**3 + 195*u - 191*u - 2*u**3 - 8*u**2 - 410. What is p(8)?
16
Let o(y) = y**3 - 4*y**2 + y - 2. Suppose -37 = -6*t + 3*t - 5*x, 2*t - 3*x = -7. Let m = t + -53. Let g = m + 53. Determine o(g).
2
Suppose 25*z = 15*z + 60. Let m(r) = -5*r**2 + r + 4. Let l(g) = -g**2. Let n(o) = z*l(o) - m(o). Let f = 1 - 1. Determine n(f).
-4
Let p be (-525)/10*(20/120)/(1/(-4)). Let a(u) = 4*u - 133. Give a(p).
7
Let u(c) be the second derivative of c**4/6 + 11*c**3/6 - 13*c**2 - 50*c - 2. Determine u(-11).
95
Let o(a) = 11*a + 29. Let b(k) be the second derivative of -5/2*k**2 - 1/3*k**3 + 0 - 23*k. Let m(w) = 34*b(w) + 6*o(w). Calculate m(3).
-2
Let f(b) = -b**2 - 16*b - 36. Let g be f(-3). Let n(z) = 4*z**2 - 37 - 41 - 34 - z**3 - 2*z + 151 - 41. Determine n(g).
1
Let u(l) = -l**3 - 4*l**2 + 3*l + 3. Let v(s) be the first derivative of 0*s + 1/3*s**3 + 2 - 2*s**2. Let r be v(3). Give u(r).
-15
Let f be 3 - (1 - -8) - -11. Let r(z) be the second derivative of -1/20*z**f + 5/6*z**3 + 1/6*z**4 + 0 - z - 3/2*z**2. What is r(3)?
3
Let m be -8 - 104/(-16) - 11/(-2). Let p(c) = 2*c**3 - 6*c**2 - 12*c + 12. Determine p(m).
-4
Let a(f) = -44*f**2 - 1. Suppose 3*u + 4 = 5*g - 1, -u - 2*g + 13 = 0. Suppose z + 1 = -4*x - 4, z - 4 = u*x. What is a(x)?
-45
Let c = 39 - 23. Let i(a) = -a**3 + 17*a**2 - 17*a + 18. Let j be i(c). Let t(l) = 14 - 5*l + l**j + 4*l - 3 - 9*l. Determine t(8).
-5
Let u = -8 + 14. Let l(b) = -5 + 4 + b - u - 2*b. Let s be 2/(-12)*-15*80/(-25). Determine l(s).
1
Let d = -81 + 83. Suppose 16 = -d*n + 10*n. Let k(b) = -7*b**2 - b - 3 + n*b**2 - 1 - b**3 + 9. Give k(-4).
-7
Suppose -u - 40 = u. Let x be (-1 - 4)*24/u. Let l(q) be the third derivative of q**6/120 - 7*q**5/60 + 5*q**4/24 - 3*q**2 - 60. Determine l(x).
-6
Suppose -78*l - 964 + 264 = 62*l. Let s(i) = -2*i**2 + i - 10. What is s(l)?
-65
Suppose -12*n - 19*n - 9*n - 360 = 0. Let s(h) = 7*h**3 - 16*h**2 + 9*h - 13. Let o(b) = 3*b**3 - 8*b**2 + 5*b - 7. Let t(a) = 9*o(a) - 4*s(a). Give t(n).
-11
Let y be (-4912)/(-304) - (-57)/(-361). Let v(t) = -t**2 + 18*t - 50. Give v(y).
-18
Suppose 0 = 78*z - 81*z + 45. Let y(s) = s**2 - 17*s + 24. Calculate y(z).
-6
Let x(s) = -s**2 - 41*s + 131. Let l = -10444 - -10400. What is x(l)?
-1
Let w be 168/120*(-6)/(12/(-10)). Let b(d) = -d**2 + 6*d - 1. Give b(w).
-8
Suppose -19*u + 2 = -18*u. Let r(z) = 3*z - 3 - u*z - 13 - 4*z. Determine r(-7).
5
Let f(h) = 8*h - 1. Suppose -5*t - 4*z + 8*z = -221, -t + 44 = -z. Let c = t + -29. Suppose -c*j + 4 = -12*j. Give f(j).
7
Suppose 12*g = -0 + 36. Let v(l) = 2 + 6*l - g + 4*l + 0 - 9*l. Give v(5).
4
Let b be (-22)/165 - (-773)/60 - (-5)/20. Let n(w) = -24*w + 301. Give n(b).
-11
Let g(z) = -3*z + 1. Let l(v) be the third derivative of v**6/120 + v**5/60 - 23*v**4/24 + 5*v**3/6 - 48*v**2. Let t be l(4). Give g(t).
22
Let c(y) be the third derivative of 7*y**4/3 - y**3/6 - 605*y**2. Calculate c(-1).
-57
Let a(t) = 16*t - 18*t - 4*t - 124. Let z be a(-22). Let m(j) = 7 - 1 - 6*j + j**2 - 7*j + 4*j. What is m(z)?
-2
Let d(z) = -z**3 - 8*z**2 - 14*z + 11. Let a be d(-4). Let r(c) be the second derivative of c**3/3 - 3*c**2 - c. Determine r(a).
0
Let i = -1793 - -3445. Let a(v) = -3256 + 1643 + i + 5*v. Calculate a(-8).
-1
Let b(k) = -2*k**3 + 32*k**2 + 125*k + 22. Let x be b(-3). Let l(z) = -3*z**2 - 34*z - 3. What is l(x)?
8
Suppose 31*i - 32*i = 0. Let q(l) = -2*l**2 - 2*l - 12. Let b(v) = v**2 + v + 6. Let o(y) = 11*b(y) + 6*q(y). Calculate o(i).
-6
Let l(n) = -8*n**2 + 1. Suppose -4*y = -16 - 236. Let b be 927/15 - 1/(-5). Let o = b - y. Determine l(o).
-7
Let t(b) = -14*b**2 - 14*b + 31. Let u(w) = -24*w**2 - 28*w + 63. Let r(h) = 7*t(h) - 4*u(h). Give r(4).
-11
Let h(i) = 2*i - 3. Let r(s) = -2*s**2 + 96*s + 27. Let o(y) = -49*y - 13. Let a(d) = 5*o(d) + 2*r(d). Let f be a(-13). Calculate h(f).
1
Let o(h) be the third derivative of -1/2*h**3 + 0 - 53*h**2 + 0*h - 7/24*h**4. Determine o(-2).
11
Let a = 349 - 53. Let m = 298 - a. Let j(h) = h - 3*h**2 + 2*h**2 + 3*h**3 - 4*h**3 + 1. Give j(m).
-9
Let h(z) = 5*z**2 - 33*z - 1. Let g(f) = -7*f**2 + 44*f. Let n(y) = -2*g(y) - 3*h(y). Calculate n(0).
3
Let g(q) = -q**2. Let v(z) = z**3 + 2*z**2 - z + 4. Let a(j) = j**3 + 15*j**2 - 19*j - 46. Let i be a(-16). Let f(y) = i*g(y) - v(y). Determine f(-4).
-8
Let u(f) = 2*f**3 - 8*f**2 + 16*f - 130. Let q be u(5). Let d(l) = l**3 - l**2 + 3*l + 5. Determine d(q).
5
Suppose 5*i = -10*y + 9*y - 2*y, 5*i = 5*y. Let z(f) = f**3 - f**2 + 3*f - 1. Give z(y).
-1
Let s(p) = -7*p**3 + 7*p**2 + 3*p + 7. Let a(h) = -11*h**3 + 11*h**2 + 5*h + 11. Let w(b) = 5*a(b) - 8*s(b). Let u = 4975 - 4975. What is w(u)?
-1
Let g(k) = -3*k**3 + 17*k**2 + 19*k - 8. Let h(z) = -11*z**3 + 52*z**2 + 59*z - 26. Let l(q) = -7*g(q) + 2*h(q). What is l(-14)?
18
Let i(h) = 2 - 949*h**2 + 2 + h - 9*h + h + 950*h**2. Calculate i(7).
4
Let p = -2480 + 2484. Suppose -6*i + 7*i = 7. Let v(a) = 2*a - i + 3 + 3 - 4. Determine v(p).
3
Let s(h) = 8